= -124 + 71. Let u = i + 53. Give r(u).
-7
Let j(m) = 14 + m + 0*m + 14*m**2 - 7*m**2. Let w(p) = 3*p**2 + 7. Let h(q) = 4*j(q) - 9*w(q). Give h(-5).
-2
Let d(t) = t**2 - 12*t - 75. Let o be d(16). Let w(c) = c**2 + 11*c + 10. Determine w(o).
10
Let u(q) = q**2 + 19*q + 3 + 4*q**2 + q**3 - 22*q. Calculate u(-6).
-15
Let l(o) = 2*o + 3. Let p(r) = -r + 15 + 0 - 29. Let g be p(-6). Let n be (4/6)/(g/60). Calculate l(n).
-7
Let c(u) = u**2 + 8*u - 6. Let p be c(-9). Let a(f) = 1 + 4*f + 2 - 3*f. Give a(p).
6
Let p(i) be the first derivative of i**3 - i**2 - 25. Determine p(2).
8
Let b(p) be the third derivative of -45*p**2 - 1/6*p**3 + 0*p - 1/24*p**4 + 0. Give b(0).
-1
Suppose 14 = -2*f + 12. Let c(q) = -q**2 - 1. Let i(a) = -9*a**3 + a**2 + a. Let p(l) = f*i(l) - c(l). Let z be (-10)/(-8) + 2/(-8). What is p(z)?
9
Let p(t) = t**2 + 6*t - 10. Suppose 5*b = j + j + 20, -j + b = 7. What is p(j)?
-15
Let i(q) be the first derivative of -q**2/2 - 17*q + 53. What is i(-7)?
-10
Let w(y) = y**3 + 5*y**2 - 8*y - 6. Let o be (-4308)/(-72) + 2/12. Suppose -o = -10*h + 20*h. Give w(h).
6
Let z(h) be the first derivative of -2*h**2 - 9*h - 178. Determine z(-9).
27
Let l(t) = 2*t**3 + t**2 - t - 1. Let x(f) = 5*f**3 - 2*f**2 + f - 3. Let k(z) = 2*l(z) - x(z). Determine k(3).
1
Let t(u) = u**2 + 5*u - 2. Suppose -4*p - 3*a + 66 = 0, 0 = 3*p - p + 2*a - 34. Suppose 3*c + 30 = p. Give t(c).
-2
Let a(x) = 6*x**2 - 1 + 117*x + 123*x + 1 - 239*x. Calculate a(-3).
51
Let y(f) = -f**2 + 12*f - 10. Let s = -73 + 106. Suppose -16*v + 13*v = -s. Give y(v).
1
Let o(m) be the third derivative of m**6/120 - m**5/15 - 7*m**4/24 - m**3 + 271*m**2. Determine o(6).
24
Suppose 0 = -b - 5*p + 10 - 3, -3*p + 6 = 0. Let h be 0 - (-7 - -3 - b). Let k(t) = 10*t**2 - t + 1. Determine k(h).
10
Let z(g) = -g**2. Suppose 3*m = 4*d - 2, -4*d - 5 = 2*m - 17. Suppose r - d = 1. Suppose r*v + 12 = 7*v. What is z(v)?
-9
Let a(h) = 22*h**2 + 2*h - 1. Let n be 42/7 + 4/2 + 0. Suppose n*w = 11 - 3. Give a(w).
23
Let l be 2/((-8)/36) - 2*-1. Let w(u) = -u**2 - 9*u - 5. Give w(l).
9
Let t = -271 + 3253/12. Let u(n) be the second derivative of t*n**4 - 3/2*n**2 + 0 - 5*n + 0*n**3. Give u(0).
-3
Let p(j) be the second derivative of -j**4/12 - j**3/2 - j**2/2 + 9*j. Let n = 3 - 4. Let f be 1 - 1 - (-3)/n. Calculate p(f).
-1
Let y be 4/(-10) + 1224/(-90). Let g(b) = b**3 + 15*b**2 + 14*b + 9. Determine g(y).
9
Suppose v - 5 = -4*i + 33, -3*v + i = -62. Let c(r) = -r**2 + 21*r + 20. Let b be c(v). Let l(f) = 2*f**2 - 3*f - 3. Give l(b).
11
Let f(g) = g**2 - 8*g + 1. Let u(t) = -7*t - 29. Let i(x) = x + 1. Let z(w) = -6*i(w) - u(w). Let l be z(-15). Calculate f(l).
1
Let f(q) = -16*q**2 + 81*q - 124. Let w(g) = 3*g**2 - 16*g + 24. Let z(l) = 2*f(l) + 11*w(l). Give z(14).
16
Let f = 29 - -63. Let c(s) = s - f + 85 + 0*s. Determine c(5).
-2
Let u(q) be the first derivative of -q**2/2 + 6*q + 97. Suppose -3*f = -0*f. Suppose -5*n = -f*n + s - 18, -3*n = -2*s - 16. What is u(n)?
2
Let m(u) = -u**3 - u**2 + 5*u. Suppose -4*g + 20 = 0, 2*g - 8 = -2*s - 6. Give m(s).
28
Let s(t) be the first derivative of -1/4*t**4 - 5*t + 2*t**2 + 55 - t**3. Give s(-4).
-5
Let v(q) be the third derivative of 0*q - 1/6*q**3 + 1/12*q**4 + 0 + q**2. Let n be (2/(-6))/(3/(-9)). Determine v(n).
1
Let g = 10 - 3. Let n(r) = 7*r**2 + 2 + 39*r**3 - 40*r**3 - 3. Give n(g).
-1
Let x be ((-1)/3)/(18/(-594)). Let m(a) = -a**3 + 12*a**2 - 13*a + 13. Determine m(x).
-9
Let w(p) = 9*p**2 + 8*p - 228 + p**3 + 111 + 122. Calculate w(-7).
47
Suppose -2*q - 32 = 5*x, 2*q + 11*x = 7*x - 28. Let w(s) = 2*s. What is w(q)?
-12
Let v(b) = 13*b + 1. Let t = -16 + 17. Determine v(t).
14
Suppose 4 = -9*o + 13*o. Let k(h) = 0*h - o - 186*h**2 + 188*h**2 + 5*h. What is k(-4)?
11
Let l(w) be the third derivative of -w**6/120 + w**5/20 + w**4/24 + 7*w**3/6 - 122*w**2. Give l(5).
-38
Let f(i) = -i**2 - i. Let w = 188 + 43. Suppose w = -7*v - 84. Let o be (-58)/18 + (-10)/v. Give f(o).
-6
Let n(f) be the second derivative of 3*f**5/10 + f**4/12 - f**3/6 + f**2/2 - 16*f - 3. Suppose 2*q = 7*q. Suppose -5*j + q*j + 5 = 0. Calculate n(j).
7
Let s(k) = -29*k - 1855. Let f be s(-64). Let o(z) = -20*z**2 - 2*z - 1. Let d(b) = 59*b**2 + 7*b + 4. Let u(a) = 2*d(a) + 7*o(a). What is u(f)?
-21
Let m(f) = -f**2 + f - 3. Suppose -27 = -5*r - w, -3*r - 3*w = r - 15. Suppose -l + r = -3*l. Calculate m(l).
-15
Let u(d) = -d + 9. Suppose 2*x + 170 = 156. Determine u(x).
16
Let s = 521/4 + -130. Let w(q) be the first derivative of s*q**4 + 4 + 2*q - 4/3*q**3 - q**2. Give w(4).
-6
Let t(w) be the third derivative of w**4/12 - 2*w**3/3 - 2*w**2 - w. Give t(4).
4
Let c be (-28)/28 - (0 + (1 - 1)). Let m(k) = -k**2 - 4*k**3 + 29 - 29. Give m(c).
3
Let y(a) = 3*a**2 + 20*a + 24. Let p be y(-4). Let c(q) = 7*q + 53. What is c(p)?
-3
Let h(v) = 2*v**3 - 11*v**2 + 5*v + 2. Let i be h(5). Let f(z) = -23*z**i + 2 + 30*z**2 - z**3 - 8. Give f(7).
-6
Let g(q) = -7*q + 2. Let z be (644/(-115))/(4/(-10)). Suppose -v = -z + 12. Determine g(v).
-12
Let x(z) = z**3 - 2*z**2 - 3*z - 10. Let q(p) = -2*p**3 + 5*p**2 + 7*p + 20. Let c(t) = -4*q(t) - 7*x(t). Give c(7).
-10
Let c(w) = -w**3 - 16*w**2 - 50*w + 54. Let i be c(-11). Let m(g) be the first derivative of -3*g**2/2 - g + 1. Give m(i).
2
Let b be 3*(-2)/(-6)*1*-1. Let q(j) = -16*j**2 + 1. Let f(r) = r**2 - r - 1. Let t(c) = 2*f(c) + q(c). Determine t(b).
-13
Suppose -5*j - 156 = -186. Let g(a) be the first derivative of -a**3/3 + 5*a**2/2 + 2*a + 10. Give g(j).
-4
Let h be ((-1872)/416)/((-2)/(8/3)). Let p(d) = d**3 - 5*d**2 - 7*d + 6. Give p(h).
0
Let v(r) = -r**2 - r + 1. Suppose -2*q + 5*m = -1, -2*q - 15 = 3*q + 5*m. Let a(n) = -n**3 - n**2 + 4*n + 6. Let t be a(q). Calculate v(t).
-5
Let n(p) = -p**3 - 2*p**2 + p + 2. Let s(x) = x + 6. Let d be s(-9). Determine n(d).
8
Let c(g) be the second derivative of -g**4/12 - g**3 - 3*g**2 - 128*g + 2. Give c(-6).
-6
Let r(k) = -k**2 + 125 + 2*k**2 - 62 - 62 - 2*k - 17*k**3. Determine r(1).
-17
Suppose 2*k + 130 = -11*k. Let o(f) = -f**3 + 4*f**3 - 9*f - 4*f**3 + 8 - 11*f**2. Give o(k).
-2
Let d = 12 - 13. Let g = d - -1. Let x(l) = -l - 1. Let o(a) = 7*a + 14. Let v(z) = o(z) + 6*x(z). Calculate v(g).
8
Let v(x) = 4*x - 11. Let w(q) = -21*q + 58. Let z(p) = 11*v(p) + 2*w(p). Calculate z(6).
7
Let r = -13 + 21. Suppose -3*m = r - 14. Suppose -1 = m*c - 3. Let n(q) = -q - 1. What is n(c)?
-2
Let k(m) = 5*m**2 + 17*m - 13. Let x(y) = -2*y**2 - 8*y + 6. Let i(g) = -4*k(g) - 9*x(g). Let v(a) = -5*a - 1. Let n be v(3). Let w = 18 + n. Determine i(w).
-2
Let r(b) = -b**3 + 16*b**2 - 16*b + 17. Let w be r(15). Let v be 1/w - 18/12. Let p(f) = f. Let y(h) = 13*h + 1. Let m(x) = 5*p(x) - y(x). Determine m(v).
7
Let i = -546 + 545. Let u(h) = 40*h**2 + h + 1. What is u(i)?
40
Let q = 33 + -32. Let r(c) = -1 + 20*c**2 + q - 18*c**2. Determine r(-2).
8
Let t be (0 - (1 - 4)) + -1. Let p(x) = 0*x**3 - x**3 - 111*x**t - 5 - 4*x + 117*x**2. What is p(5)?
0
Let t(b) = b**2 + 3*b + 3. Let m be t(-3). Let w be ((-2)/3)/((-4)/36). Let a(s) = 0 + s**2 + w + 5*s - 2*s**2 - m*s. Calculate a(5).
-9
Suppose 10*w + 2762 = 2812. Suppose 2*q = 3*q - 1. Let d(h) = 1. Let s(u) = -u + 5. Let x(y) = q*s(y) + 2*d(y). Determine x(w).
2
Suppose 2*g - 3 = l, l + 5*g = -4*l - 15. Let z(v) = -v**3 - 3*v**2 + 2*v + 4. Determine z(l).
-2
Suppose -5*a - 9 = 21. Let v(n) = -n**2 - 7*n - 4. Let m be v(a). Let f(z) = 0 + 9 - 10 - z**m - 2*z. Give f(-5).
-16
Let w(u) = 7*u**2 - 5*u - 4. Let n be 5/25 + 28/10. Suppose 2*d + 13 = n. Let p(s) = 11*s**2 - 7*s - 6. Let i(v) = d*p(v) + 8*w(v). Give i(6).
4
Let p(g) = g**3 + 5*g**2 - 2. Suppose -5*w - 25 = 44*b - 39*b, -3*w + 3*b - 9 = 0. Determine p(w).
14
Let i(v) = -3*v**2 - 28*v - 2. Let b(l) = 7*l**2 + 61*l + 5. Let o(s) = 4*b(s) + 9*i(s). Calculate o(7).
-5
Let y(c) = c**3 + 3*c**2 - 3*c - 4. Let q be y(-3). Suppose 2*w - q = -1. Let p(i) = -i**2 - i**w - i**3 + 4*i**2 + i. What is p(3)?
-6
Let l(g) be the first derivative of -14 - 7/2*g**2 + 7/3*g**3 - 1/4*g**4 - 2*g. Give l(6).
-8
Let v(u) = -3 + 0*u**3 + 7 + u**3 - u - 4 - 4*u**2 + 8. Calculate v(5).
28
Let x = 38 + -36. Let k(c) = -2 - 10*c**2 - 1 - 13*c**x + 21*c**2 + 3*c. Let r be 6/4*(-4)/(-3). Determine k(r).
-5
Let w(p) =